ber?
True
Is 1189 composite?
True
Is 671249 a prime number?
True
Is 540433 prime?
True
Is 38351 a prime number?
True
Is 664091 prime?
True
Is 20261 a composite number?
False
Is 402499 prime?
False
Is 13049 a prime number?
True
Is 1523551 prime?
True
Is 34403 a prime number?
True
Is 316133 a composite number?
False
Is 9091 a composite number?
False
Is 36289 prime?
False
Is 2413 a composite number?
True
Is 36197 composite?
True
Is 36589 prime?
False
Is 259819 composite?
True
Is 51853 prime?
True
Is 132541 a composite number?
False
Is 3493 composite?
True
Is 148891 composite?
False
Is 41843 composite?
False
Is 220919 a composite number?
False
Is 479 composite?
False
Is 57637 a prime number?
True
Is 9427 a prime number?
False
Is 6047 a composite number?
False
Is 3259 composite?
False
Is 65921 composite?
False
Is 86455 a prime number?
False
Is 39749 a prime number?
True
Is 55381 prime?
True
Is 9166 a prime number?
False
Is 341 composite?
True
Is 3043 composite?
True
Is 72299 composite?
True
Is 1502021 a prime number?
True
Is 294241 a composite number?
False
Is 99049 prime?
False
Is 368717 composite?
False
Is 9953 composite?
True
Is 2483 prime?
False
Is 27011 composite?
False
Is 276389 a prime number?
True
Is 176017 a composite number?
False
Is 10739 prime?
True
Is 251287 composite?
False
Is 159235 prime?
False
Is 353842 composite?
True
Is 2453 prime?
False
Is 311021 prime?
True
Is 1921 a composite number?
True
Is 17291 a composite number?
False
Is 801517 a composite number?
False
Is 16087 a composite number?
False
Is 162335 a prime number?
False
Is 6197 a prime number?
True
Is 112397 composite?
False
Is 54539 composite?
False
Is 23143 composite?
False
Is 798613 a prime number?
True
Is 103361 a prime number?
False
Is 293399 prime?
True
Is 248734 a composite number?
True
Is 957487 prime?
False
Is 1774159 a composite number?
False
Is 660862 prime?
False
Is 9233 a prime number?
False
Is 14131 prime?
False
Is 40213 a prime number?
True
Is 5147 composite?
False
Is 24602 a composite number?
True
Is 9475097 a composite number?
False
Is 1039229 a composite number?
False
Is 232817 a composite number?
True
Is 501043 prime?
True
Is 656485 prime?
False
Is 102047 a composite number?
True
Is 5961 a prime number?
False
Is 25433 a composite number?
True
Is 835637 composite?
True
Is 1876141 composite?
True
Is 1709 a prime number?
True
Is 124934 composite?
True
Is 2018821 composite?
True
Is 19553 a composite number?
False
Is 44537 a composite number?
False
Is 939823 a composite number?
False
Is 288179 composite?
False
Is 13579 a prime number?
False
Is 120319 prime?
True
Is 29657 composite?
True
Is 77797 composite?
False
Is 4079 a prime number?
True
Is 4735 a composite number?
True
Is 679501 prime?
True
Is 56237 composite?
False
Is 71011 a composite number?
False
Is 389 a composite number?
False
Is 19853 a composite number?
False
Is 23281 a composite number?
True
Is 12797 a prime number?
False
Is 3713 composite?
True
Is 10991 composite?
True
Is 85429 composite?
False
Is 2095 a composite number?
True
Is 52163 composite?
False
Is 381119 composite?
True
Is 12514 a composite number?
True
Is 40646 a prime number?
False
Is 403 a prime number?
False
Is 280201 a composite number?
True
Is 7079 a composite number?
False
Is 2114129 a composite number?
True
Is 71471 a composite number?
False
Is 1114561 prime?
False
Is 257663 a composite number?
True
Is 473579 composite?
False
Is 13397 a composite number?
False
Is 312083 prime?
True
Is 15751 composite?
True
Is 413979 a prime number?
False
Is 190303 a composite number?
True
Is 2062405 a prime number?
False
Is 1333537 a prime number?
True
Is 3263 prime?
False
Is 1361 composite?
False
Is 17023 composite?
True
Is 114439 a prime number?
False
Is 27533 composite?
True
Is 32989 a prime number?
False
Is 566633 prime?
True
Is 97633 a composite number?
True
Is 10753 prime?
True
Is 2437 a composite number?
False
Is 71733 a prime number?
False
Is 321989 a prime number?
False
Is 90845 a prime number?
False
Is 111463 a prime number?
False
Is 13561 a composite number?
True
Is 56669 a composite number?
True
Is 22739 a composite number?
False
Is 11459 a prime number?
False
Is 21467 a composite number?
False
Is 42095 prime?
False
Is 11239 prime?
True
Is 451541 a composite number?
False
Is 305209 a prime number?
True
Is 99277 a composite number?
False
Is 1163 a composite number?
False
Is 2179 prime?
True
Is 38581 composite?
True
Is 23557 composite?
False
Is 37651 prime?
False
Is 4699 a composite number?
True
Is 591649 composite?
False
Is 907 composite?
False
Is 17657 a prime number?
True
Is 417485 prime?
False
Is 45161 prime?
True
Is 12367 a prime number?
False
Is 211493 a composite number?
False
Is 90877 a composite number?
True
Is 227239 a prime number?
False
Is 60953 composite?
False
Is 927371 composite?
True
Is 2333 composite?
False
Is 1603 a prime number?
False
Is 14959 a prime number?
False
Is 52617 a composite number?
True
Is 25841 composite?
False
Is 63241 prime?
True
Is 4327 a prime number?
True
Is 6803 a composite number?
False
Is 2453 composite?
True
Is 4737 composite?
True
Is 197839 a prime number?
False
Is 34123 prime?
True
Is 11777 a composite number?
False
Is 10969 a composite number?
True
Is 15787 composite?
False
Is 26819 a composite number?
True
Is 4507 composite?
False
Is 1945 a prime number?
False
Is 58319 composite?
True
Is 262819 a prime number?
True
Is 4321 prime?
False
Is 8663 a composite number?
False
Is 20021 prime?
True
Is 301655 prime?
False
Is 140863 prime?
True
Is 164545 a prime number?
False
Is 1362247 a prime number?
True
Is 64217 a prime number?
True
Is 29527 a composite number?
False
Is 208643 prime?
False
Is 157349 a prime number?
True
Is 907691 a prime number?
True
Is 33827 a composite number?
False
Is 28738 a prime number?
False
Is 993 composite?
True
Is 403441 a prime number?
False
Is 2309 a composite number?
False
Is 2785 a prime number?
False
Is 10529 a composite number?
False
Is 11359 prime?
False
Is 34897 a prime number?
True
Is 55847 composite?
True
Is 8663 composite?
False
Is 7423 a prime number?
False
Is 40967 a prime number?
False
Is 43987 a prime number?
True
Is 9573 composite?
True
Is 1873049 composite?
False
Is 246439 a composite number?
False
Is 872339 a prime number?
False
Is 44861 prime?
False
Is 2206 a composite number?
True
Is 42689 a prime number?
True
Is 3205 a prime number?
False
Is 7391 a composite number?
True
Is 733763 composite?
True
Is 642779 composite?
False
Is 939061 prime?
True
Is 17903 prime?
True
Is 1829 a prime number?
False
Is 130765 a prime number?
False
Is 26997 a prime number?
False
Is 408857 a composite number?
False
Is 491123 a prime number?
False
Is 143443 prime?
True
Is 26045 a composite number?
True
Is 7969 prime?
False
Is 15877 a prime number?
True
Is 129313 composite?
False
Is 5056321 composite?
False
Is 1009 a composite number?
False
Is 57569 composite?
True
Is 1187 composite?
False
Is 39781 prime?
False
Is 36143 composite?
True
Is 1920143 prime?
True
Is 36845 composite?
True
Is 58209 a composite number?
True
Is 965039 a composite number?
True
Is 2189 prime?
False
Is 2194 prime?
False
Is 64723 composite?
True
Is 6557 composite?
True
Is 15441 a prime number?
False
Is 1137 prime?
False
Is 47237 prime?
True
Is 188507 prime?
False
Is 1031 prime?
True
Is 12601 prime?
True
Is 1713067 a prime number?
False
Is 17657 composite?
False
Is 6599 a prime number?
True
Is 72715 a prime number?
False
Is 12461 prime?
False
Is 4535 composite?
True
Is 39659 prime?
True
Is 6197 composite?
False
Is 44093 composite?
True
Is 1741 a prime number?
True
Is 25133 a composite number?
True
Is 894161 a prime number?
True
Is 15347 a composite number?
True
Is 208187 a prime number?
False
Is 144103 a composite number?
False
Is 868418 composite?
True
Is 24751 composite?
True
Is 8039 a prime number?
True
Is 1706 composite?
True
Is 3587 a prime number?
False
Is 10673 a prime number?
False
Is 2659 a prime number?
True
Is 49429 prime?
True
Is 305521 a composite number?
False
Is 103669 composite?
False
Is 86131 a composite number?
False
Is 920207 a composite number?
True
Is 561161 a prime number?
True
Is 12854 composite?
True
Is 1303651 a prime number?
False
Is 9637 composite?
True
Is 74069 prime?
False
I